the thousands digit of 2875?
2
What is the hundreds digit of 15261?
2
What is the units digit of 530?
0
What is the tens digit of 21378?
7
What is the ten thousands digit of 88887?
8
What is the ten thousands digit of 33786?
3
What is the thousands digit of 5303?
5
What is the tens digit of 11545?
4
What is the units digit of 6423?
3
What is the ten thousands digit of 79752?
7
What is the tens digit of 23025?
2
What is the thousands digit of 1127?
1
What is the thousands digit of 13968?
3
What is the tens digit of 8917?
1
What is the units digit of 158619?
9
What is the tens digit of 29259?
5
What is the thousands digit of 1421?
1
What is the thousands digit of 29486?
9
What is the hundreds digit of 657?
6
What is the thousands digit of 11246?
1
What is the hundreds digit of 2292?
2
What is the hundreds digit of 2887?
8
What is the ten thousands digit of 37656?
3
What is the hundreds digit of 182469?
4
What is the ten thousands digit of 44478?
4
What is the ten thousands digit of 15089?
1
What is the units digit of 690?
0
What is the units digit of 1671?
1
What is the tens digit of 4188?
8
What is the ten thousands digit of 41797?
4
What is the units digit of 334?
4
What is the thousands digit of 8725?
8
What is the units digit of 4920?
0
What is the ten thousands digit of 14538?
1
What is the units digit of 299?
9
What is the tens digit of 9309?
0
What is the hundreds digit of 33315?
3
What is the hundreds digit of 1537?
5
What is the units digit of 2369?
9
What is the thousands digit of 18870?
8
What is the ten thousands digit of 11233?
1
What is the units digit of 129?
9
What is the hundreds digit of 520?
5
What is the ten thousands digit of 53627?
5
What is the hundreds digit of 2048?
0
What is the ten thousands digit of 145626?
4
What is the thousands digit of 13896?
3
What is the tens digit of 27060?
6
What is the units digit of 1314?
4
What is the tens digit of 3073?
7
What is the tens digit of 17059?
5
What is the units digit of 302?
2
What is the ten thousands digit of 19204?
1
What is the tens digit of 11347?
4
What is the ten thousands digit of 47876?
4
What is the units digit of 933?
3
What is the units digit of 59276?
6
What is the tens digit of 22235?
3
What is the units digit of 4707?
7
What is the tens digit of 125932?
3
What is the hundreds digit of 179?
1
What is the tens digit of 3129?
2
What is the thousands digit of 5126?
5
What is the hundreds digit of 774?
7
What is the tens digit of 4311?
1
What is the hundreds digit of 104340?
3
What is the units digit of 24562?
2
What is the tens digit of 4775?
7
What is the hundreds digit of 65216?
2
What is the units digit of 6005?
5
What is the thousands digit of 1281?
1
What is the tens digit of 10150?
5
What is the tens digit of 1927?
2
What is the hundreds digit of 30528?
5
What is the units digit of 1993?
3
What is the ten thousands digit of 75447?
7
What is the hundreds digit of 1947?
9
What is the hundreds digit of 8508?
5
What is the units digit of 99709?
9
What is the hundred thousands digit of 124934?
1
What is the tens digit of 788?
8
What is the units digit of 323?
3
What is the units digit of 58?
8
What is the units digit of 572?
2
What is the units digit of 40282?
2
What is the units digit of 10457?
7
What is the tens digit of 1000?
0
What is the thousands digit of 6661?
6
What is the thousands digit of 144863?
4
What is the hundreds digit of 388?
3
What is the units digit of 726?
6
What is the tens digit of 2682?
8
What is the tens digit of 88066?
6
What is the thousands digit of 11145?
1
What is the tens digit of 5439?
3
What is the hundreds digit of 13850?
8
What is the tens digit of 154327?
2
What is the thousands digit of 4818?
4
What is the hundreds digit of 10623?
6
What is the hundreds digit of 31272?
2
What is the hundreds digit of 400?
4
What is the thousands digit of 1910?
1
What is the tens digit of 8740?
4
What is the ten thousands digit of 32504?
3
What is the hundreds digit of 5195?
1
What is the tens digit of 3135?
3
What is the ten thousands digit of 14501?
1
What is the tens digit of 548?
4
What is the ten thousands digit of 41352?
4
What is the tens digit of 796?
9
What is the units digit of 868?
8
What is the units digit of 968?
8
What is the tens digit of 408?
0
What is the tens digit of 751?
5
What is the tens digit of 93?
9
What is the ten thousands digit of 10619?
1
What is the thousands digit of 82384?
2
What is the ten thousands digit of 38128?
3
What is the tens digit of 2759?
5
What is the ten thousands digit of 22476?
2
What is the tens digit of 1699?
9
What is the tens digit of 1380?
8
What is the thousands digit of 53887?
3
What is the units digit of 5105?
5
What is the tens digit of 2070?
7
What is the hundreds digit of 440?
4
What is the thousands digit of 5165?
5
What is the thousands digit of 7625?
7
What is the ten thousands digit of 58611?
5
What is the thousands digit of 2009?
2
What is the units digit of 25208?
8
What is the hundreds digit of 466?
4
What is the ten thousands digit of 36617?
3
What is the thousands digit of 8573?
8
What is the units digit of 1569?
9
What is the thousands digit of 8808?
8
What is the tens digit of 13096?
9
What is the units digit of 141880?
0
What is the thousands digit of 1382?
1
What is the hundreds digit of 47284?
2
What is the thousands digit of 3838?
3
What is the tens digit of 1738?
3
What is the units digit of 2323?
3
What is the units digit of 1455?
5
What is the units digit of 22094?
4
What is the ten thousands digit of 38657?
3
What is the units digit of 155?
5
What is the hundreds digit of 55730?
7
What is the tens digit of 382?
8
What is the tens digit of 52?
5
What is the hundreds digit of 1944?
9
What is the hundreds digit of 4681?
6
What is the ten thousands digit of 16855?
1
What is the thousands digit of 2803?
2
What is the tens digit of 140?
4
What is the units digit of 5692?
2
What is the ten thousands digit of 45836?
4
What is the ten thousands digit of 67938?
6
What is the hundreds digit of 922?
9
What is the hundreds digit of 27493?
4
What is the units digit of 221?
1
What is the units digit of 1835?
5
What is the tens digit of 536?
3
What is the hundreds digit of 41572?
5
What is the ten thousands digit of 20828?
2
What is the hundreds digit of 17797?
7
What is the thousands digit of 29973?
9
What is the ten thousands digit of 55654?
5
What is the units digit of 707?
7
What is the hundreds digit of 1278?
2
What is the hundreds digit of 526?
5
What is the tens digit of 90752?
5
What is the units digit of 5568?
8
What is the units digit of 5528?
8
What is the thousands digit of 1742?
1
What is the units digit of 13084?
4
What is the tens digit of 751?
5
What is the units digit of 134762?
2
What is the tens digit of 1243?
4
What is the thousands digit of 169939?
9
What is the hundreds digit of 67894?
8
What is the tens digit of 4482?
8
What is the thousands digit of 4228?
4
What is the tens digit of 3159?
5
What is the ten thousands digit of 50382?
5
What is the units digit of 173785?
5
What is the hundreds digit of 20193?
1
What is the hundreds digit of 632?
6
What is the hundreds digit of 559?
5
What is the tens digit of 1370?
7
What is the tens digit of 5774?
7
What is the units digit of 39010?
0
What is the units digit of 310?
0
What is the hundreds digit of 1000?
0
What is the thousands digit of 30723?
0
What is the thousands digit of 43684?
3
What is the hundreds digit of 1944?
9
What is the thousands digit of 137836?
7
What is the hundreds digit of 2101?
1
What is the units digit of 252?
2
What is the tens digit of 1936?
3
What is the tens digit of 64916?
1
What is the units digit of 649?
9
What is the tens digit of 775?
7
What is the thousands digit of 3638?
3
What is the units digit of 1388?
8
What is the hundreds digit of 844?
8
What is the tens digit of 110586?
8
What is the tens digit of 8157?
5
What is the tens digit of 80446?
4
What is the units digit of 4163?
3
What is the units digit of 266?
6
What is the thousands digit of 8649?
8
What is the hundreds digit of 45192?
1
What is the hundreds digit of 2046?
0
What is the hundreds digit of 14592?
5
What is the tens digit of 6265?
6
What is the units digit of 1312?
2
What is the hundreds digit of 69755?
7
What is